ighest common factor of 500 and 15802625?
125
Calculate the highest common divisor of 3317 and 95927640.
3317
Calculate the highest common factor of 140 and 828100.
140
What is the highest common divisor of 779460 and 4895?
55
Calculate the greatest common factor of 650 and 32336750.
50
Calculate the greatest common factor of 4752 and 98252.
44
What is the greatest common factor of 884 and 1592288?
68
Calculate the greatest common factor of 12 and 73517152.
4
Calculate the highest common factor of 185811 and 49344.
771
What is the highest common divisor of 203528 and 642200?
1976
Calculate the highest common factor of 717440 and 136.
8
What is the highest common divisor of 672 and 8579592?
168
What is the greatest common divisor of 49379172 and 12?
12
Calculate the greatest common factor of 1722079 and 13501.
23
Calculate the highest common divisor of 3247 and 30379.
17
Calculate the highest common divisor of 44880619 and 219.
73
What is the highest common divisor of 25293970 and 260?
130
Calculate the highest common factor of 144667191 and 1986.
993
What is the greatest common divisor of 49580 and 2527240?
1340
What is the greatest common factor of 1187010 and 6655?
605
Calculate the greatest common divisor of 175 and 7894575.
25
What is the highest common factor of 179995246 and 114?
38
Calculate the highest common factor of 23360 and 6468530.
730
Calculate the greatest common factor of 2059780 and 320.
20
Calculate the greatest common factor of 16454 and 4522.
38
What is the greatest common factor of 360535314 and 3501?
1167
Calculate the highest common divisor of 11498780 and 700.
20
Calculate the greatest common factor of 505 and 4461130.
5
Calculate the highest common factor of 23556 and 292123845.
5889
Calculate the greatest common divisor of 8196390 and 43849.
3373
What is the highest common factor of 4214067 and 152139?
1833
What is the greatest common factor of 92 and 767901?
23
What is the greatest common factor of 1685 and 42336299?
337
What is the greatest common divisor of 35 and 4678030?
35
What is the highest common divisor of 171 and 22360464?
9
Calculate the greatest common divisor of 194 and 25853.
1
Calculate the greatest common factor of 7 and 838761.
7
Calculate the highest common divisor of 161811 and 29133.
351
Calculate the highest common divisor of 21 and 12620643.
21
What is the greatest common divisor of 293 and 1538824573?
293
Calculate the highest common factor of 466545 and 65.
5
Calculate the greatest common divisor of 15488 and 1251008.
704
What is the highest common factor of 137194200 and 6560?
1640
Calculate the greatest common divisor of 9702 and 696906.
126
Calculate the highest common divisor of 92 and 1103885.
23
Calculate the greatest common divisor of 11186 and 807742.
94
What is the highest common factor of 3568 and 380215?
223
What is the greatest common factor of 241777 and 34481?
41
What is the highest common divisor of 972396 and 171?
9
Calculate the greatest common factor of 12750 and 7384875.
375
What is the greatest common divisor of 7620 and 608383340?
2540
Calculate the highest common divisor of 40830 and 127050.
30
What is the greatest common divisor of 60 and 3233190?
30
What is the greatest common factor of 488 and 51797784?
488
What is the highest common divisor of 142241 and 18559?
67
Calculate the greatest common factor of 198553880 and 1003.
1003
Calculate the greatest common factor of 1207 and 102132719.
1207
Calculate the greatest common factor of 1817 and 341044.
23
Calculate the greatest common divisor of 8644 and 10063777.
2161
Calculate the greatest common divisor of 52488 and 22872.
24
Calculate the highest common divisor of 578646 and 35624.
122
Calculate the highest common divisor of 1123641 and 8037.
171
What is the highest common divisor of 16453370 and 70?
10
What is the greatest common factor of 396 and 134500014?
198
Calculate the highest common divisor of 31390043 and 107813.
823
What is the highest common divisor of 223441490 and 930?
310
What is the greatest common divisor of 725 and 2514590?
145
What is the greatest common divisor of 11819980 and 34760?
1580
What is the greatest common divisor of 1389976 and 19418?
14
Calculate the highest common divisor of 2303 and 9259873.
49
What is the greatest common factor of 577800 and 1098?
18
What is the greatest common divisor of 976080590 and 40?
10
What is the highest common factor of 282643224 and 136?
136
Calculate the highest common factor of 33090 and 933420.
30
What is the highest common factor of 266 and 121236017?
133
What is the greatest common divisor of 223736580 and 30?
30
Calculate the highest common divisor of 415 and 233977.
83
Calculate the highest common divisor of 143608481 and 7521.
2507
What is the greatest common factor of 117694 and 2437378?
166
What is the highest common divisor of 418 and 37667519?
19
Calculate the greatest common factor of 38468560 and 4160.
1040
What is the highest common divisor of 713 and 289881?
31
Calculate the greatest common divisor of 3630 and 619476440.
1210
What is the greatest common divisor of 86900 and 23540?
220
Calculate the greatest common divisor of 51622186 and 5390.
1078
What is the greatest common divisor of 6062 and 32298?
14
What is the greatest common divisor of 3412976 and 10850?
434
Calculate the highest common factor of 17 and 148122734.
17
Calculate the highest common divisor of 380755 and 82895.
1405
Calculate the highest common divisor of 19846700 and 115.
115
What is the highest common factor of 431545995 and 1206?
603
Calculate the highest common factor of 1098 and 389094417.
549
Calculate the highest common factor of 70 and 16978150.
70
Calculate the greatest common divisor of 1238985 and 83061.
99
What is the greatest common factor of 83862 and 1288990?
3106
Calculate the greatest common factor of 13423785 and 1140.
285
Calculate the greatest common divisor of 59694696 and 63.
9
Calculate the highest common factor of 19119503 and 65.
13
What is the greatest common factor of 24604428 and 50568?
516
Calculate the greatest common factor of 904 and 254620866.
226
Calculate the highest common divisor of 11687172 and 336.
84
Calculate the highest common factor of 154093 and 177587.
691
Calculate the greatest common factor of 517025535 and 15.
15
Calculate the greatest common factor of 12488724 and 12.
12
What is the highest common factor of 27944 and 1762967?
499
Calculate the greatest common divisor of 2002555756 and 2452.
2452
Calculate the highest common divisor of 18370 and 6400442.
334
What is the greatest common divisor of 277422 and 159?
3
Calculate the highest common divisor of 189111564 and 972.
108
Calculate the greatest common factor of 94697 and 161760.
337
Calculate the greatest common factor of 1301265 and 1539027.
3213
What is the highest common factor of 42 and 520777446?
42
Calculate the highest common factor of 3234 and 103422.
66
What is the highest common factor of 125540068 and 76?
76
What is the greatest common factor of 22205550 and 300?
150
What is the greatest common factor of 17612 and 45220?
476
Calculate the greatest common divisor of 3294 and 1984284.
54
What is the greatest common factor of 42 and 1079106?
42
Calculate the highest common factor of 3216451 and 1074.
179
Calculate the greatest common factor of 536 and 14007032.
8
What is the highest common factor of 670785310 and 10?
10
Calculate the highest common divisor of 79735 and 59047.
431
What is the highest common divisor of 460 and 1748690?
230
Calculate the highest common factor of 648441144 and 144.
72
What is the greatest common divisor of 14135 and 66681220?
1285
Calculate the highest common divisor of 1520129 and 1937.
13
What is the highest common factor of 828909 and 434?
31
Calculate the greatest common divisor of 1949725 and 767365.
835
Calculate the highest common factor of 2586771 and 60639.
1479
Calculate the greatest common factor of 116011700 and 1590.
530
Calculate the highest common divisor of 7100041 and 1443.
481
Calculate the highest common factor of 1749 and 7564001.
53
What is the greatest common factor of 6406900 and 2180?
20
Calculate the greatest common divisor of 54834 and 1043289.
1443
What is the highest common factor of 582336 and 36504